e a(7).
-4
Let c(f) = -125*f**2 - 114*f + 115. What is c(1)?
-124
Let p(l) = l**3 + 98*l**2 - 1442*l + 106. Calculate p(-111).
-5
Let d(j) = j**3 - 17*j**2 + j. Calculate d(17).
17
Let g(l) = 23*l**2 - 57*l + 123. Give g(2).
101
Let t(n) = -n**2 - 305*n - 4354. Calculate t(-290).
-4
Let v(i) = 3*i**2 + 238*i + 140. Give v(-80).
300
Let j(h) = h - 61. What is j(18)?
-43
Let o(a) = 4*a**2 - 65*a - 35. Calculate o(15).
-110
Let g(c) = 10*c**3 - 1378*c**2 - 266*c - 1381. Give g(138).
-1
Let b(x) = -x**3 + 13*x**2 + 25*x - 345. What is b(13)?
-20
Let k(o) = o**3 - 6*o**2 - 48*o + 273. Determine k(5).
8
Let h(s) = -s**3 + 38*s**2 - 125*s + 713. Calculate h(35).
13
Let p(q) = -954*q - 2857. Calculate p(-3).
5
Let u(q) = -1862*q + 323984. Give u(174).
-4
Let i(x) = -8*x**2 + 285*x - 190. What is i(35)?
-15
Let t(x) = -12*x + 170. Determine t(13).
14
Let h(c) = -c**2 + 4*c + 107. What is h(14)?
-33
Let q(u) = -u**3 + 42*u**2 + 139*u - 174. Determine q(45).
6
Let u(a) = -a**2 + 58*a - 735. Calculate u(39).
6
Let u(i) = -5*i**3 - 290*i**2 + 2*i - 32. Give u(-58).
-148
Let f(q) = 4*q**2 + 35*q + 34. What is f(-8)?
10
Let u(g) = -2*g**2 + 60*g + 128. Determine u(32).
0
Let d(z) = 40*z**2 - 331*z + 15. Calculate d(8).
-73
Let d(i) = -1981*i - 7924. Give d(-4).
0
Let b(i) = -14*i**3 + 99*i**2 - 9*i + 4. Determine b(7).
-10
Let m(o) = -3*o**3 + 61*o**2 + 5*o - 514. What is m(20)?
-14
Let j(l) = -59*l**3 - 4*l**2 + l + 6. What is j(2)?
-480
Let j(r) = 2*r**3 + 44*r**2 - 12*r + 89. Determine j(-23).
-693
Let o(t) = -246*t - 227. Give o(-1).
19
Let w(c) = -34*c**2 + 271*c + 17. What is w(8)?
9
Let m(r) = 7*r**2 - 281*r + 37. Give m(40).
-3
Let k(c) = 1519*c + 9183. What is k(-6)?
69
Let f(u) = -u**2 + 113*u - 928. Determine f(9).
8
Let m(a) = -a**3 - 9*a**2 + 7*a - 12. Calculate m(-5).
-147
Let g(m) = 8*m**2 - 3*m + 25. Calculate g(9).
646
Let f(y) = y**3 - 3*y**2 - 10*y + 17. Calculate f(4).
-7
Let c(n) = -2*n**2 - 82*n - 245. What is c(-35)?
175
Let x(h) = -2*h**3 + 212*h**2 - 613*h - 505. What is x(103)?
10
Let u(l) = 30*l**2 - 676*l - 297. Determine u(23).
25
Let n(g) = 151*g**3 - 3*g**2 + 7*g - 5. What is n(1)?
150
Let f(c) = -c**3 + 98*c**2 - 193*c + 82. Calculate f(96).
-14
Let b(i) = i**3 + 252*i**2 + 15197*i - 462. Determine b(-152).
-6
Let m(j) = -j**2 + 51*j - 419. Calculate m(10).
-9
Let u(z) = 12*z**2 + 41*z - 2. Determine u(-5).
93
Let o(l) = 8*l - 319. Determine o(9).
-247
Let u(j) = -47*j**2 - 8*j - 9. Calculate u(-2).
-181
Let a(n) = -696*n + 3490. Determine a(5).
10
Let w(i) = i**3 - i**2 - 8*i - 621. What is w(0)?
-621
Let j(w) = -7*w**2 + 93*w - 88. Determine j(9).
182
Let c(v) = -v**2 - 21*v + 63. Give c(-21).
63
Let k(z) = 657*z + 6568. Give k(-10).
-2
Let n(q) = 2*q**3 - 32*q**2 - q + 348. Give n(16).
332
Let c(n) = -11*n**2 - 299*n - 54. Determine c(-27).
0
Let i(s) = -s**3 - 26*s**2 + 4*s - 626. Calculate i(-27).
-5
Let a(t) = -2032*t + 10207. What is a(5)?
47
Let q(c) = -c**2 - 5*c + 24. Determine q(-10).
-26
Let v(j) = 29*j + 765. What is v(-25)?
40
Let s(d) = -d**3 - 52*d**2 - 553*d + 20. Determine s(-15).
-10
Let p(q) = q**3 - 154*q**2 + 1023*q + 875. Give p(147).
-7
Let v(f) = -f**2 - 70*f - 247. Give v(-66).
17
Let z(y) = -y**3 + 4*y**2 - 56*y + 54. What is z(7)?
-485
Let a(x) = x**2 + 6*x + 61. Determine a(-6).
61
Let w(u) = -4*u**3 + 13*u**2 - 3*u - 16. What is w(-4)?
460
Let t(d) = -2*d**2 + 4*d - 106. Determine t(4).
-122
Let r(s) = -12*s - 173. Calculate r(-9).
-65
Let c(p) = -250*p + 13509. Give c(54).
9
Let g(o) = -521*o - 4801. Calculate g(-9).
-112
Let w(c) = c**3 + 16*c**2 - 56*c + 18. Give w(-19).
-1
Let c(n) = 4*n**3 - n**2 - 71*n + 381. What is c(7)?
1207
Let g(z) = 18*z**2 + 517*z + 356. What is g(-28)?
-8
Let l(k) = -k**2 + 8*k + 45. Calculate l(12).
-3
Let t(x) = 41*x**2 - 131*x + 28. Calculate t(3).
4
Let j(x) = -35*x**2 + 276*x - 45. Determine j(8).
-77
Let c(u) = -u**3 + 59*u**2 + 44*u - 2619. Give c(59).
-23
Let a(v) = -v**2 + 53*v + 56. What is a(53)?
56
Let k(u) = -u**2 + 3*u + 327. What is k(20)?
-13
Let n(u) = u**3 - 32*u**2 + 193*u - 2. What is n(8)?
6
Let y(f) = -2*f**2 - 27*f + 35. What is y(-9)?
116
Let j(v) = -38*v**2 - 22*v + 12. Determine j(3).
-396
Let p(q) = q**3 + 69*q**2 - 615*q + 41. What is p(-77)?
-36
Let l(w) = -w**2 - 34*w + 3685. What is l(46)?
5
Let t(s) = -8*s + 379. Calculate t(54).
-53
Let g(x) = 14*x**2 - 236*x - 238. Determine g(-1).
12
Let l(p) = -7*p**2 - 790*p + 1575. Calculate l(2).
-33
Let w(b) = -11116*b - 133400. Calculate w(-12).
-8
Let r(q) = -10*q**3 - q**2 - 17*q - 26. What is r(-3)?
286
Let t(m) = m**2 + 38*m + 344. Calculate t(-23).
-1
Let d(s) = -23863*s + 143184. What is d(6)?
6
Let b(x) = -x**2 - 195*x + 787. What is b(4)?
-9
Let q(t) = 932*t - 2806. Calculate q(3).
-10
Let r(k) = 11*k**3 - 88*k**2 - 299*k + 2397. Give r(8).
5
Let g(x) = 666*x + 4671. Calculate g(-7).
9
Let z(b) = 68*b + 616. Calculate z(-10).
-64
Let p(q) = 4*q + 285. Calculate p(-41).
121
Let j(y) = 5*y**2 - 152*y - 1927. Give j(40).
-7
Let v(m) = -75*m + 1878. What is v(25)?
3
Let a(t) = -2*t**3 - 68*t**2 - 248*t - 20. Give a(-4).
12
Let s(w) = -w**3 + 12*w**2 - 34*w + 145. Calculate s(10).
5
Let u(i) = 2*i**2 + 3*i - 38. Give u(-10).
132
Let j(k) = -2*k**3 + 80*k**2 + 87*k - 36. Determine j(41).
169
Let f(n) = 31*n - 138. Determine f(4).
-14
Let g(j) = 3*j**3 + 6*j**2 - j - 2. Determine g(-5).
-222
Let y(h) = 277*h**2 + 15*h - 13. Give y(1).
279
Let t(a) = -2*a**2 - 230*a + 5075. Calculate t(19).
-17
Let f(h) = -508*h + 5619. Determine f(11).
31
Let l(y) = y**3 - 49*y**2 - 68*y + 797. What is l(50)?
-103
Let a(d) = -30*d**2 - 455*d - 24. Determine a(-15).
51
Let n(m) = -24*m + 88. What is n(-10)?
328
Let f(h) = 234*h - 27611. Determine f(118).
1
Let f(g) = -3*g**2 + 42*g + 28. Calculate f(14).
28
Let x(i) = 13*i + 116. Give x(-14).
-66
Let a(s) = 7693*s - 76928. Determine a(10).
2
Let t(h) = -2*h**2 + 57*h - 126. Give t(26).
4
Let x(y) = -88*y - 2639. What is x(-30)?
1
Let u(f) = -2*f**3 + 2*f**2 - 13*f + 683. Calculate u(0).
683
Let n(q) = q**2 - 50*q + 455. Give n(28).
-161
Let k(l) = l**3 - 3*l**2 - 13*l + 39. Determine k(3).
0
Let o(h) = 10*h**2 + 59*h + 52. Give o(-8).
220
Let x(f) = -269*f**2 - 534*f + 2. Determine x(-2).
-6
Let x(m) = 139*m - 883. What is x(6)?
-49
Let p(u) = 160*u + 162. Determine p(-1).
2
Let r(b) = -305*b - 626. Calculate r(-2).
-16
Let g(o) = -o**3 + 16*o**2 - 10*o - 6. What is g(15)?
69
Let f(o) = 6*o**2 + 225*o + 748. What is f(-34)?
34
Let y(r) = 2087*r + 20865. What is y(-10)?
-5
Let i(g) = -2212*g + 19921. Calculate i(9).
13
Let h(w) = 67*w**2 - 13467*w + 41. What is h(201)?
41
Let q(p) = -p**3 + 7*p**2 + 197*p - 46. Give q(-11).
-35
Let j(h) = h**3 + 45*h**2 - 91*h - 11. Calculate j(-47).
-152
Let x(h) = 2*h**2 - 29*h - 124. What is x(18)?
2
Let a(t) = 140*t + 5622. What is a(-40)?
22
Let w(g) = 1629*g + 22762. What is w(-14)?
-44
Let w(o) = 4*o**3 - o**2 + 4*o + 7. Give w(-2).
-37
Let c(r) = -r**3 + 13*r**2 + 5*r + 6. Give c(6).
288
Let k(q) = 12*q**2 + 220*q - 2133. Give k(7).
-5
Let q(b) = 113*b + 5655. Give q(-50).
5
Let m(c) = -c**3 - 7*c**2 - 44*c - 152. Determine m(-4).
-24
Let g(q) = -7*q**2 - 126*q - 397. Calculate g(-14).
-5
Let n(m) = -m**3 - 20*m**2 - 9*m - 208. What is n(-20)?
-28
Let l(j) = 2*j**2 - 503*j + 10082. Calculate l(22).
-16
Let d(f) = 22*f**2 + 353*f + 6. Determine d(-16).
-10
Let u(g) = -g**3 - 45*g**2 + 143*g - 42. What is u(-48)?
6
Let k(b) = 103*b - 4249. What is k(42)?
77
Let c(p) = 54*p**3 + 7*p**2 + 83*p + 80. Give c(-1).
-50
Let s(b) = 12*b**2 - 8*b + 14. Give s(4).
174
Let d(y) = y**2 - 24*y - 1152. Give d(-26).
148
Let g(a) = 1049*a + 46154. Calculate g(-44).
-2
Let c(n) = -162*n**2 + 30*n + 58. What is c(-2)?
-650
Let q(h) = -h**3 - 32*h**2 - 93*h + 98. Calculate q(-29).
272
Let v(r) = r**2 + 4*r + 181. Calculate v(-11).
258
Let d(w) = -461*w + 27209. Give d(59).
10
Let u(a) = 23*a**2 - 20*a + 17. Give u(5).
492
Let m(r) = 2*r**2 + 133*r - 404. Give m(3).
13
Let z(w) = -3*w**2 + 238*w + 30492. What is z(148)?
4
Let d(y) = -3*y**3 + 36*y**2 - 6*y + 69. Determine d(12).
-3
Let b(o) = -o**2 - 2943*o + 53303. What is b(18)?
5
Let y(b) = -b**2 + 153*b + 1459. Give y(-9).
1
Let v(r) = -982*r - 15714. Give v(-16).
-2
Let s(v) = 7*v*